{"id":9557,"date":"2023-02-16T22:53:57","date_gmt":"2023-02-16T22:53:57","guid":{"rendered":"https:\/\/periodismomachista.com\/?page_id=9557"},"modified":"2024-03-06T14:48:51","modified_gmt":"2024-03-06T14:48:51","slug":"datuak-babesteko-politika","status":"publish","type":"page","link":"https:\/\/periodismomachista.com\/eu\/datuak-babesteko-politika\/","title":{"rendered":"Datuak babesteko politika"},"content":{"rendered":"<section class=\"l-section wpb_row height_small\"><div class=\"l-section-h i-cf\"><div class=\"g-cols vc_row via_grid cols_1 laptops-cols_inherit tablets-cols_inherit mobiles-cols_1 valign_top type_default stacking_default\"><div class=\"wpb_column vc_column_container\"><div class=\"vc_column-inner\"><div class=\"wpb_text_column\"><div class=\"wpb_wrapper\"><h1 style=\"text-align: center;\">Datuak babesteko politika<\/h1>\n<\/div><\/div><div class=\"w-separator size_small\"><\/div><div class=\"g-cols wpb_row via_grid cols_1-4-1 laptops-cols_inherit tablets-cols_inherit mobiles-cols_1 valign_top type_default stacking_default\" style=\"--gap:3rem;\"><div class=\"wpb_column vc_column_container\"><div class=\"vc_column-inner\"><\/div><\/div><div class=\"wpb_column vc_column_container\"><div class=\"vc_column-inner\"><div class=\"wpb_text_column\"><div class=\"wpb_wrapper\"><h3 class=\"wp-block-heading\">Protecci\u00f3n de datos personales<\/h3>\n<p>Bitartez te podr\u00eda ofrecer la posibilidad de suscribirte a su bolet\u00edn electr\u00f3nico u otras publicaciones, as\u00ed como contactar con nosotros a trav\u00e9s de un formulario de contacto. En cualquier caso,\u00a0<strong>Bitartez tratar\u00e1 los datos personales proporcionados \u00fanicamente con el fin de cumplir la petici\u00f3n del usuario y no ser\u00e1n compartidos con terceros.<\/strong><\/p>\n<p>Podr\u00e1s ejercer los derechos de oposici\u00f3n, acceso, rectificaci\u00f3n y cancelaci\u00f3n dirigi\u00e9ndote por escrito a bitartez@ehu.es<\/p>\n<p>&nbsp;<\/p>\n<h3 class=\"wp-block-heading\">Comentarios<\/h3>\n<p>Cuando los visitantes dejan comentarios en el sitio, recogemos los datos que aparecen en el formulario de comentarios, as\u00ed como la direcci\u00f3n IP del visitante y la cadena de agentes de usuario del navegador para ayudar a la detecci\u00f3n de spam.<\/p>\n<p>Una cadena an\u00f3nima creada a partir de su direcci\u00f3n de correo electr\u00f3nico (tambi\u00e9n llamada hash) puede ser proporcionada al servicio Gravatar para saber si lo est\u00e1 utilizando. La pol\u00edtica de privacidad del servicio Gravatar est\u00e1 disponible aqu\u00ed:\u00a0<a href=\"https:\/\/automattic.com\/privacy\/\">https:\/\/automattic.com\/privacy\/<\/a>. Tras la aprobaci\u00f3n de tu comentario, tu foto de perfil es visible para el p\u00fablico en el contexto de tu comentario.<\/p>\n<p>&nbsp;<\/p>\n<h3 class=\"wp-block-heading\">Cookies<\/h3>\n<p>Si dejas un comentario en nuestro sitio, puedes optar por guardar su nombre, direcci\u00f3n de correo electr\u00f3nico y sitio web en las cookies. Esto es para tu comodidad, para que no tengas que volver a rellenar sus datos cuando dejes otro comentario. Estas cookies tienen una duraci\u00f3n de un a\u00f1o.<\/p>\n<p>Si visitas nuestra p\u00e1gina de inicio de sesi\u00f3n, estableceremos una cookie temporal para determinar si tu navegador acepta cookies. Esta cookie no contiene datos personales y se descarta cuando cierras tu navegador.<\/p>\n<p>Al iniciar la sesi\u00f3n, tambi\u00e9n configuraremos varias cookies para guardar su informaci\u00f3n de inicio de sesi\u00f3n y sus opciones de visualizaci\u00f3n en pantalla. Las cookies de inicio de sesi\u00f3n duran dos d\u00edas, y las de opciones de pantalla duran un a\u00f1o. Si seleccionas \u00abRecordarme\u00bb, su inicio de sesi\u00f3n persistir\u00e1 durante dos semanas. Si sales de tu cuenta, las cookies de inicio de sesi\u00f3n se eliminar\u00e1n.<\/p>\n<p>Si editas o publicas un art\u00edculo, se guardar\u00e1 una cookie adicional en tu navegador. Esta cookie no incluye datos personales y simplemente indica el ID del art\u00edculo que se acaba de editar. Caduca al cabo de 1 d\u00eda.<\/p>\n<p>&nbsp;<\/p>\n<h3 class=\"wp-block-heading\">Contenido de otras webs<\/h3>\n<p>Los art\u00edculos de este sitio pueden incluir contenido incrustado (por ejemplo, v\u00eddeos, im\u00e1genes, art\u00edculos, etc.). El contenido incrustado de otros sitios web se comporta exactamente igual que si el visitante hubiera visitado el otro sitio web.<\/p>\n<p>Estos sitios web pueden recopilar datos sobre usted, utilizar cookies, incrustar un seguimiento adicional de terceros y controlar su interacci\u00f3n con ese contenido incrustado, incluido el seguimiento de su interacci\u00f3n con el contenido incrustado si tiene una cuenta y ha iniciado sesi\u00f3n en ese sitio web.<\/p>\n<p>&nbsp;<\/p>\n<h3 class=\"wp-block-heading\">Cu\u00e1nto tiempo conservamos tus datos<\/h3>\n<p>Si dejas un comentario, el comentario y sus metadatos se conservan indefinidamente. Esto es para que podamos reconocer y aprobar cualquier comentario de seguimiento autom\u00e1ticamente en lugar de mantenerlos en una cola de moderaci\u00f3n.<\/p>\n<p>En el caso de los usuarios que se registran en nuestro sitio web (si los hay), tambi\u00e9n almacenamos la informaci\u00f3n personal que proporcionan en su perfil de usuario. Todos los usuarios pueden ver, editar o eliminar su informaci\u00f3n personal en cualquier momento (excepto que no pueden cambiar su nombre de usuario). Los administradores del sitio web tambi\u00e9n pueden ver y editar esa informaci\u00f3n.<\/p>\n<p>&nbsp;<\/p>\n<h3 class=\"wp-block-heading\">Qu\u00e9 derechos tienes sobre tus datos<\/h3>\n<p>Si tienes una cuenta en este sitio, o has dejado comentarios, puedes solicitar que te enviemos un archivo exportado de los datos personales que tenemos sobre ti, incluidos los que nos hayas proporcionado. Tambi\u00e9n puedes solicitar que borremos cualquier dato personal que tengamos sobre usted. Esto no incluye los datos que estamos obligados a conservar por motivos administrativos, legales o de seguridad.<\/p>\n<\/div><\/div><\/div><\/div><div class=\"wpb_column vc_column_container\"><div class=\"vc_column-inner\"><\/div><\/div><\/div><\/div><\/div><\/div><\/div><\/section>","protected":false},"excerpt":{"rendered":"Datuak babesteko politika Protecci\u00f3n de datos personales Bitartez te podr\u00eda ofrecer la posibilidad de suscribirte a su bolet\u00edn electr\u00f3nico u otras publicaciones, as\u00ed como contactar con nosotros a trav\u00e9s de un formulario de contacto. En cualquier caso,\u00a0Bitartez tratar\u00e1 los datos personales proporcionados \u00fanicamente con el fin de cumplir la petici\u00f3n del usuario y no ser\u00e1n...","protected":false},"author":2,"featured_media":0,"parent":0,"menu_order":0,"comment_status":"closed","ping_status":"closed","template":"","meta":{"_acf_changed":false,"footnotes":""},"class_list":["post-9557","page","type-page","status-publish","hentry"],"acf":[],"yoast_head":"<!-- This site is optimized with the Yoast SEO plugin v27.5 - https:\/\/yoast.com\/product\/yoast-seo-wordpress\/ -->\n<title>Datuak babesteko politika - Observatorio del Periodismo Machista<\/title>\n<meta name=\"robots\" content=\"index, follow, max-snippet:-1, max-image-preview:large, max-video-preview:-1\" \/>\n<link rel=\"canonical\" href=\"https:\/\/periodismomachista.com\/eu\/datuak-babesteko-politika\/\" \/>\n<meta property=\"og:locale\" content=\"eu_ES\" \/>\n<meta property=\"og:type\" content=\"article\" \/>\n<meta property=\"og:title\" content=\"Datuak babesteko politika - Observatorio del Periodismo Machista\" \/>\n<meta property=\"og:url\" content=\"https:\/\/periodismomachista.com\/eu\/datuak-babesteko-politika\/\" \/>\n<meta property=\"og:site_name\" content=\"Observatorio del Periodismo Machista\" \/>\n<meta property=\"article:modified_time\" content=\"2024-03-06T14:48:51+00:00\" \/>\n<meta name=\"twitter:card\" content=\"summary_large_image\" \/>\n<meta name=\"twitter:site\" content=\"@pemachista\" \/>\n<meta name=\"twitter:label1\" content=\"Est. reading time\" \/>\n\t<meta name=\"twitter:data1\" content=\"3 minutes\" \/>\n<script type=\"application\/ld+json\" class=\"yoast-schema-graph\">{\"@context\":\"https:\\\/\\\/schema.org\",\"@graph\":[{\"@type\":\"WebPage\",\"@id\":\"https:\\\/\\\/periodismomachista.com\\\/eu\\\/datuak-babesteko-politika\\\/\",\"url\":\"https:\\\/\\\/periodismomachista.com\\\/eu\\\/datuak-babesteko-politika\\\/\",\"name\":\"Datuak babesteko politika - Observatorio del Periodismo Machista\",\"isPartOf\":{\"@id\":\"https:\\\/\\\/periodismomachista.com\\\/eu\\\/#website\"},\"datePublished\":\"2023-02-16T22:53:57+00:00\",\"dateModified\":\"2024-03-06T14:48:51+00:00\",\"breadcrumb\":{\"@id\":\"https:\\\/\\\/periodismomachista.com\\\/eu\\\/datuak-babesteko-politika\\\/#breadcrumb\"},\"inLanguage\":\"eu-ES\",\"potentialAction\":[{\"@type\":\"ReadAction\",\"target\":[\"https:\\\/\\\/periodismomachista.com\\\/eu\\\/datuak-babesteko-politika\\\/\"]}]},{\"@type\":\"BreadcrumbList\",\"@id\":\"https:\\\/\\\/periodismomachista.com\\\/eu\\\/datuak-babesteko-politika\\\/#breadcrumb\",\"itemListElement\":[{\"@type\":\"ListItem\",\"position\":1,\"name\":\"Portada\",\"item\":\"https:\\\/\\\/periodismomachista.com\\\/eu\\\/\"},{\"@type\":\"ListItem\",\"position\":2,\"name\":\"Datuak babesteko politika\"}]},{\"@type\":\"WebSite\",\"@id\":\"https:\\\/\\\/periodismomachista.com\\\/eu\\\/#website\",\"url\":\"https:\\\/\\\/periodismomachista.com\\\/eu\\\/\",\"name\":\"Observatorio del Periodismo Machista\",\"description\":\"\",\"publisher\":{\"@id\":\"https:\\\/\\\/periodismomachista.com\\\/eu\\\/#organization\"},\"potentialAction\":[{\"@type\":\"SearchAction\",\"target\":{\"@type\":\"EntryPoint\",\"urlTemplate\":\"https:\\\/\\\/periodismomachista.com\\\/eu\\\/?s={search_term_string}\"},\"query-input\":{\"@type\":\"PropertyValueSpecification\",\"valueRequired\":true,\"valueName\":\"search_term_string\"}}],\"inLanguage\":\"eu-ES\"},{\"@type\":\"Organization\",\"@id\":\"https:\\\/\\\/periodismomachista.com\\\/eu\\\/#organization\",\"name\":\"Observatorio del Periodismo Machista\",\"url\":\"https:\\\/\\\/periodismomachista.com\\\/eu\\\/\",\"logo\":{\"@type\":\"ImageObject\",\"inLanguage\":\"eu-ES\",\"@id\":\"https:\\\/\\\/periodismomachista.com\\\/eu\\\/#\\\/schema\\\/logo\\\/image\\\/\",\"url\":\"https:\\\/\\\/periodismomachista.com\\\/wp-content\\\/uploads\\\/2024\\\/03\\\/ALTA-cuadradoOK-pmachista.png\",\"contentUrl\":\"https:\\\/\\\/periodismomachista.com\\\/wp-content\\\/uploads\\\/2024\\\/03\\\/ALTA-cuadradoOK-pmachista.png\",\"width\":838,\"height\":838,\"caption\":\"Observatorio del Periodismo Machista\"},\"image\":{\"@id\":\"https:\\\/\\\/periodismomachista.com\\\/eu\\\/#\\\/schema\\\/logo\\\/image\\\/\"},\"sameAs\":[\"https:\\\/\\\/x.com\\\/pemachista\",\"https:\\\/\\\/www.tiktok.com\\\/@periodismomachista\",\"https:\\\/\\\/www.instagram.com\\\/periodismomachista\"]}]}<\/script>\n<!-- \/ Yoast SEO plugin. -->","yoast_head_json":{"title":"Datuak babesteko politika - Observatorio del Periodismo Machista","robots":{"index":"index","follow":"follow","max-snippet":"max-snippet:-1","max-image-preview":"max-image-preview:large","max-video-preview":"max-video-preview:-1"},"canonical":"https:\/\/periodismomachista.com\/eu\/datuak-babesteko-politika\/","og_locale":"eu_ES","og_type":"article","og_title":"Datuak babesteko politika - Observatorio del Periodismo Machista","og_url":"https:\/\/periodismomachista.com\/eu\/datuak-babesteko-politika\/","og_site_name":"Observatorio del Periodismo Machista","article_modified_time":"2024-03-06T14:48:51+00:00","twitter_card":"summary_large_image","twitter_site":"@pemachista","twitter_misc":{"Est. reading time":"3 minutes"},"schema":{"@context":"https:\/\/schema.org","@graph":[{"@type":"WebPage","@id":"https:\/\/periodismomachista.com\/eu\/datuak-babesteko-politika\/","url":"https:\/\/periodismomachista.com\/eu\/datuak-babesteko-politika\/","name":"Datuak babesteko politika - Observatorio del Periodismo Machista","isPartOf":{"@id":"https:\/\/periodismomachista.com\/eu\/#website"},"datePublished":"2023-02-16T22:53:57+00:00","dateModified":"2024-03-06T14:48:51+00:00","breadcrumb":{"@id":"https:\/\/periodismomachista.com\/eu\/datuak-babesteko-politika\/#breadcrumb"},"inLanguage":"eu-ES","potentialAction":[{"@type":"ReadAction","target":["https:\/\/periodismomachista.com\/eu\/datuak-babesteko-politika\/"]}]},{"@type":"BreadcrumbList","@id":"https:\/\/periodismomachista.com\/eu\/datuak-babesteko-politika\/#breadcrumb","itemListElement":[{"@type":"ListItem","position":1,"name":"Portada","item":"https:\/\/periodismomachista.com\/eu\/"},{"@type":"ListItem","position":2,"name":"Datuak babesteko politika"}]},{"@type":"WebSite","@id":"https:\/\/periodismomachista.com\/eu\/#website","url":"https:\/\/periodismomachista.com\/eu\/","name":"Observatorio del Periodismo Machista","description":"","publisher":{"@id":"https:\/\/periodismomachista.com\/eu\/#organization"},"potentialAction":[{"@type":"SearchAction","target":{"@type":"EntryPoint","urlTemplate":"https:\/\/periodismomachista.com\/eu\/?s={search_term_string}"},"query-input":{"@type":"PropertyValueSpecification","valueRequired":true,"valueName":"search_term_string"}}],"inLanguage":"eu-ES"},{"@type":"Organization","@id":"https:\/\/periodismomachista.com\/eu\/#organization","name":"Observatorio del Periodismo Machista","url":"https:\/\/periodismomachista.com\/eu\/","logo":{"@type":"ImageObject","inLanguage":"eu-ES","@id":"https:\/\/periodismomachista.com\/eu\/#\/schema\/logo\/image\/","url":"https:\/\/periodismomachista.com\/wp-content\/uploads\/2024\/03\/ALTA-cuadradoOK-pmachista.png","contentUrl":"https:\/\/periodismomachista.com\/wp-content\/uploads\/2024\/03\/ALTA-cuadradoOK-pmachista.png","width":838,"height":838,"caption":"Observatorio del Periodismo Machista"},"image":{"@id":"https:\/\/periodismomachista.com\/eu\/#\/schema\/logo\/image\/"},"sameAs":["https:\/\/x.com\/pemachista","https:\/\/www.tiktok.com\/@periodismomachista","https:\/\/www.instagram.com\/periodismomachista"]}]}},"_links":{"self":[{"href":"https:\/\/periodismomachista.com\/eu\/wp-json\/wp\/v2\/pages\/9557","targetHints":{"allow":["GET"]}}],"collection":[{"href":"https:\/\/periodismomachista.com\/eu\/wp-json\/wp\/v2\/pages"}],"about":[{"href":"https:\/\/periodismomachista.com\/eu\/wp-json\/wp\/v2\/types\/page"}],"author":[{"embeddable":true,"href":"https:\/\/periodismomachista.com\/eu\/wp-json\/wp\/v2\/users\/2"}],"replies":[{"embeddable":true,"href":"https:\/\/periodismomachista.com\/eu\/wp-json\/wp\/v2\/comments?post=9557"}],"version-history":[{"count":1,"href":"https:\/\/periodismomachista.com\/eu\/wp-json\/wp\/v2\/pages\/9557\/revisions"}],"predecessor-version":[{"id":9558,"href":"https:\/\/periodismomachista.com\/eu\/wp-json\/wp\/v2\/pages\/9557\/revisions\/9558"}],"wp:attachment":[{"href":"https:\/\/periodismomachista.com\/eu\/wp-json\/wp\/v2\/media?parent=9557"}],"curies":[{"name":"wp","href":"https:\/\/api.w.org\/{rel}","templated":true}]}}

<section class="l-section wpb_row height_small"><div class="l-section-h i-cf"><div class="g-cols vc_row via_grid cols_1 laptops-cols_inherit tablets-cols_inherit mobiles-cols_1 valign_top type_default stacking_default"><div class="wpb_column vc_column_container"><div class="vc_column-inner"><div class="wpb_text_column"><div class="wpb_wrapper"><h1 style="text-align: center;">Datuak babesteko politika</h1>
</div></div><div class="w-separator size_small"></div><div class="g-cols wpb_row via_grid cols_1-4-1 laptops-cols_inherit tablets-cols_inherit mobiles-cols_1 valign_top type_default stacking_default" style="--gap:3rem;"><div class="wpb_column vc_column_container"><div class="vc_column-inner"></div></div><div class="wpb_column vc_column_container"><div class="vc_column-inner"><div class="wpb_text_column"><div class="wpb_wrapper"><h3 class="wp-block-heading">Protección de datos personales</h3>
<p>Bitartez te podría ofrecer la posibilidad de suscribirte a su boletín electrónico u otras publicaciones, así como contactar con nosotros a través de un formulario de contacto. En cualquier caso, <strong>Bitartez tratará los datos personales proporcionados únicamente con el fin de cumplir la petición del usuario y no serán compartidos con terceros.</strong></p>
<p>Podrás ejercer los derechos de oposición, acceso, rectificación y cancelación dirigiéndote por escrito a bitartez@ehu.es</p>
<p>&nbsp;</p>
<h3 class="wp-block-heading">Comentarios</h3>
<p>Cuando los visitantes dejan comentarios en el sitio, recogemos los datos que aparecen en el formulario de comentarios, así como la dirección IP del visitante y la cadena de agentes de usuario del navegador para ayudar a la detección de spam.</p>
<p>Una cadena anónima creada a partir de su dirección de correo electrónico (también llamada hash) puede ser proporcionada al servicio Gravatar para saber si lo está utilizando. La política de privacidad del servicio Gravatar está disponible aquí: <a href="https://automattic.com/privacy/">https://automattic.com/privacy/</a>. Tras la aprobación de tu comentario, tu foto de perfil es visible para el público en el contexto de tu comentario.</p>
<p>&nbsp;</p>
<h3 class="wp-block-heading">Cookies</h3>
<p>Si dejas un comentario en nuestro sitio, puedes optar por guardar su nombre, dirección de correo electrónico y sitio web en las cookies. Esto es para tu comodidad, para que no tengas que volver a rellenar sus datos cuando dejes otro comentario. Estas cookies tienen una duración de un año.</p>
<p>Si visitas nuestra página de inicio de sesión, estableceremos una cookie temporal para determinar si tu navegador acepta cookies. Esta cookie no contiene datos personales y se descarta cuando cierras tu navegador.</p>
<p>Al iniciar la sesión, también configuraremos varias cookies para guardar su información de inicio de sesión y sus opciones de visualización en pantalla. Las cookies de inicio de sesión duran dos días, y las de opciones de pantalla duran un año. Si seleccionas «Recordarme», su inicio de sesión persistirá durante dos semanas. Si sales de tu cuenta, las cookies de inicio de sesión se eliminarán.</p>
<p>Si editas o publicas un artículo, se guardará una cookie adicional en tu navegador. Esta cookie no incluye datos personales y simplemente indica el ID del artículo que se acaba de editar. Caduca al cabo de 1 día.</p>
<p>&nbsp;</p>
<h3 class="wp-block-heading">Contenido de otras webs</h3>
<p>Los artículos de este sitio pueden incluir contenido incrustado (por ejemplo, vídeos, imágenes, artículos, etc.). El contenido incrustado de otros sitios web se comporta exactamente igual que si el visitante hubiera visitado el otro sitio web.</p>
<p>Estos sitios web pueden recopilar datos sobre usted, utilizar cookies, incrustar un seguimiento adicional de terceros y controlar su interacción con ese contenido incrustado, incluido el seguimiento de su interacción con el contenido incrustado si tiene una cuenta y ha iniciado sesión en ese sitio web.</p>
<p>&nbsp;</p>
<h3 class="wp-block-heading">Cuánto tiempo conservamos tus datos</h3>
<p>Si dejas un comentario, el comentario y sus metadatos se conservan indefinidamente. Esto es para que podamos reconocer y aprobar cualquier comentario de seguimiento automáticamente en lugar de mantenerlos en una cola de moderación.</p>
<p>En el caso de los usuarios que se registran en nuestro sitio web (si los hay), también almacenamos la información personal que proporcionan en su perfil de usuario. Todos los usuarios pueden ver, editar o eliminar su información personal en cualquier momento (excepto que no pueden cambiar su nombre de usuario). Los administradores del sitio web también pueden ver y editar esa información.</p>
<p>&nbsp;</p>
<h3 class="wp-block-heading">Qué derechos tienes sobre tus datos</h3>
<p>Si tienes una cuenta en este sitio, o has dejado comentarios, puedes solicitar que te enviemos un archivo exportado de los datos personales que tenemos sobre ti, incluidos los que nos hayas proporcionado. También puedes solicitar que borremos cualquier dato personal que tengamos sobre usted. Esto no incluye los datos que estamos obligados a conservar por motivos administrativos, legales o de seguridad.</p>
</div></div></div></div><div class="wpb_column vc_column_container"><div class="vc_column-inner"></div></div></div></div></div></div></div></section>

Datuak babesteko politika Protección de datos personales Bitartez te podría ofrecer la posibilidad de suscribirte a su boletín electrónico u otras publicaciones, así como contactar con nosotros a través de un formulario de contacto. En cualquier caso, Bitartez tratará los datos personales proporcionados únicamente con el fin de cumplir la petición del usuario y no serán...
